
11
Let b(o) = 77*o**3 + o**2 - 3*o + 1. Calculate the remainder when b(1) is divided by ((-4)/6)/((-2)/18).
4
Calculate the remainder when (-248)/(-11) - (-66)/(-121) is divided by 10.
2
Let r be (0 + (-2 - -1))*20. Let b be 335/r - 3/(-4). Let i = 3 - b. Calculate the remainder when i is divided by 5.
4
Let t = -47 - -356. Calculate the remainder when t is divided by 78.
75
What is the remainder when 30 is divided by -5*3*45/(-27)?
5
Suppose 61*g = 73*g - 276. What is the remainder when g is divided by 13?
10
Let n(i) = -i**3 + 23*i**2 - 42*i + 22. Let t(l) = 4*l**2 - 3*l - 3. Calculate the remainder when t(-3) is divided by n(21).
20
Let o(j) = -j**3 + 7*j**2 - j - 25. Calculate the remainder when 94 is divided by o(5).
14
Suppose 3*c - 3*u = 4*c - 21, 0 = 4*c - u - 58. What is the remainder when 101 is divided by c?
11
Let q = -45 - -47. Let t(g) = 7*g**3 - 3*g**2 + 6*g - 5. What is the remainder when t(q) is divided by 20?
11
Suppose 0 = 14*v - 15*v - 2*z + 15, -3*v - 2*z + 65 = 0. Calculate the remainder when 97 is divided by v.
22
Calculate the remainder when 14658/(-28)*(-8)/12 is divided by 14.
13
Calculate the remainder when 10110/62 + 70/(-1085) is divided by 11.
9
Let b be 5/(-25) + (-16)/(-5). Suppose 0 = 5*h + b*n - 20, 0 = -6*h + h + n + 20. Suppose 0 = -h*v + 16 + 12. Calculate the remainder when v is divided by 2.
1
Let t be (-140)/(-6) - (-8)/12. Let k = t + -11. Suppose k - 105 = -4*p. What is the remainder when 44 is divided by p?
21
Let x be (-2)/(-4) + (-22275)/(-54). Suppose -6*y + x = y. What is the remainder when y is divided by 12?
11
Suppose -10*u = -0*u - 900. Calculate the remainder when u is divided by 36.
18
Let q(k) = k**2 + 2*k - 3. Let l = 26 - 3. Calculate the remainder when l is divided by q(-4).
3
Calculate the remainder when 22 is divided by 198/231*1/((-9)/(-42)).
2
Let j be ((-1)/(-2))/(10/(-80)). What is the remainder when 53 is divided by 5 - (j - (1 + -2))?
5
Let i(h) = h**2 - 3*h - 5. Let p be i(5). Suppose 0 = -p*z + 3*z + 258. What is the remainder when z is divided by 33?
30
Suppose -11 = 4*y - 3, -89 = 3*k + 4*y. Let n = k + 48. Calculate the remainder when n is divided by 11.
10
Let h be (-9)/(-12) + 3080/32. Suppose -j + 174 = h. Calculate the remainder when j is divided by 4*4*(-1)/(-1).
13
Let o(h) = 18 - h - 47 + 14 + 11. What is the remainder when o(-10) is divided by 5?
1
Suppose 3*c - 2 = 10. Calculate the remainder when (4 - -3)*c/14 is divided by 6/(-15) - (-7)/5.
0
Let y = -471 - -500. What is the remainder when 113 is divided by y?
26
Let b(m) = m**3 + 9*m**2 + 10*m - 1. Suppose c + 13 = -4*v + 16, 5*v = -c. Calculate the remainder when b(-7) is divided by c.
12
Let p(n) = -n**3 - 7*n**2 + 15*n - 4. Suppose -2*i - 8 = -90. What is the remainder when i is divided by p(-9)?
18
Let v(f) = 8*f + 5. Suppose 7*b = -2*b + 126. Let x(w) = w**2 - 13*w - 2. Calculate the remainder when v(5) is divided by x(b).
9
Suppose -3*w + 8*w - 365 = 0. Suppose 0 = 12*k - 14*k + 4. Suppose u = -3*s + 45, -k*u = -s - 7*u + 15. What is the remainder when w is divided by s?
13
Let g(v) = -v**2 - 17*v - 18. Let c be g(-12). Let i = -22 + c. What is the remainder when 97 is divided by i?
17
Let u = 679 - 581. Calculate the remainder when u is divided by 21.
14
Suppose -7*o + 864 + 1432 = 0. What is the remainder when o is divided by 39?
16
Let z = -610 - -320. Calculate the remainder when 5/(-20) + z/(-8) is divided by (-18)/(-6) + 10 + 0.
10
Suppose 4*x + 22*k - 4513 = 25*k, -5*k - 15 = 0. What is the remainder when x is divided by 24?
22
Let s(c) = c**2 - 7*c - 2. Let t be s(10). Let r be -2 - -5 - (4 - 6). Suppose -37 = -r*l + t. What is the remainder when 49 is divided by l?
10
Let k(f) = -f**3 - 2*f**2 - 4*f + 18. Let m be (-6)/10 + 30/50. What is the remainder when k(m) is divided by 2?
0
Suppose 0 = 13*i - 62 - 94. Calculate the remainder when 33 is divided by i.
9
Let a(m) = -3*m + 99. Calculate the remainder when a(10) is divided by 25.
19
Suppose -4*z - 4*v + 48 = -6*v, -3*z - v + 36 = 0. Let c(q) = -9*q + 2. What is the remainder when c(-5) is divided by z?
11
Let o(i) = i - 6. Let u be o(4). Let b = -20 + 38. What is the remainder when b is divided by (0 + u)/(-2)*7?
4
Suppose 4*s - 225 = 187. Calculate the remainder when s is divided by 21.
19
Suppose 4*b - 78 = -2*s, -4*s + 68 = 3*b + b. What is the remainder when 38 is divided by b?
16
Let n = 5 + -3. Let z(a) = 2*a**2 + 4*a - 3. What is the remainder when z(-4) is divided by (1 - (1 - 2)) + n?
1
Let f(j) = j**3 + 2*j**2 - 3*j + 5. Let l be f(3). Let h = 6 + l. What is the remainder when h is divided by 16?
15
Let r = 12 - 1. Let i = -50 + 24. Let s = i - -68. Calculate the remainder when s is divided by r.
9
Let j = 148 - 139. Let i(p) = p**2 - p + 10. What is the remainder when i(-6) is divided by j?
7
What is the remainder when 690 is divided by (-43 + 32)/((-2)/14)?
74
Let q = 29 + -32. Let p be (-2)/2 + q + 3. What is the remainder when 56 is divided by -4 + 21 + p + 3?
18
Suppose 15*d - 56 = 7*d. Let p = 54 + d. Calculate the remainder when p is divided by 9.
7
Let o be 1*6/(-3)*-1. Suppose -5*i = 4*k - 3, -4*k - o + 8 = 2*i. Calculate the remainder when 38 is divided by k.
0
Suppose -q = 4*n + n - 22, -2*n + 6 = -q. Suppose n*f - 322 = -5*k, 0*f = -4*f - 4*k + 320. What is the remainder when f is divided by 27?
24
Let u(i) be the third derivative of i**5/60 + 5*i**4/12 + 7*i**3/6 + 13*i**2. Calculate the remainder when 11 is divided by u(-10).
4
Suppose -12 = -3*b + g, -b + 5*g + 9 = 3*g. Suppose b*i = 61 - 4. Let l = -2009 + 2019. Calculate the remainder when i is divided by l.
9
Let x = -172 - -444. Calculate the remainder when x is divided by 21.
20
Let t = -14 - -27. Let w = -4 + t. Suppose 4*j + 115 = 9*j + v, 116 = 4*j - 4*v. What is the remainder when j is divided by w?
6
Suppose -410 - 235 = -3*r. Calculate the remainder when r is divided by 24.
23
Suppose -120 = -11*a + 199. Calculate the remainder when a is divided by 6.
5
Suppose -5*a + 29 - 4 = 0. Suppose 0 = a*r - 8 - 372. Calculate the remainder when r is divided by 10.
6
Let y = -72 + 72. Suppose y = 3*f - 2*f - 27. What is the remainder when f is divided by 4?
3
Suppose -11*t + 22*t - 506 = 0. What is the remainder when t is divided by 30?
16
Suppose 2*w - a = 58, 28 + 20 = 2*w + 4*a. Calculate the remainder when 154 is divided by w.
14
Suppose -409 = -7*b + 158. Suppose 0 = -3*z + 1 + 11. Suppose -5*p + z*p = -b. What is the remainder when p is divided by 21?
18
Suppose -t - 4*g = 2 + 12, 4*t + 3*g = 9. What is the remainder when 106 is divided by t?
4
Suppose 0 = -7*s + 3*s + 104. Suppose -30 - s = -4*c. Suppose 0 = m - c - 2. What is the remainder when 46 is divided by m?
14
Suppose d + 2*d = 39. Let s(r) = -r**3 + 9*r**2 + 73*r - 38. Calculate the remainder when d is divided by s(14).
1
Let y(j) = -j**3 - 4*j**2 - 4*j + 1. Suppose -f - 25 = b, 0*f + 109 = -5*b + 3*f. Let s = -2 - b. What is the remainder when s is divided by y(-3)?
1
Let d = -18 - -20. Suppose k + d*x = 2, 5*x = -2*k - 3*k + 20. What is the remainder when 0 - (-2 - 14) - 0 is divided by k?
4
Suppose -j + 615 = 2*j. Let t(i) = -59*i - 1275. What is the remainder when j is divided by t(-22)?
21
Suppose -3*v + v - 14 = 0. Let w = v - -30. What is the remainder when w is divided by 4?
3
Let j = -21 + 33. Let q = 231 + -161. Calculate the remainder when q is divided by j.
10
What is the remainder when 31 is divided by 0 + (-6 - -1) - (8 - 31)?
13
Let p(h) = -h**3 - 13*h**2 + 7*h - 34. What is the remainder when p(-14) is divided by 34/3*6/4?
13
Let c = -624 + 834. Calculate the remainder when c is divided by 62.
24
Suppose 4*f - f + 6 = 0, -2*t - 5*f + 298 = 0. What is the remainder when t is divided by ((-5)/(3 + -13))/(-5*3/(-780))?
24
Let f(h) = 10*h + 9. Let i = 3 + -3. Let t = 25 - 9. What is the remainder when t is divided by f(i)?
7
Suppose 5*y + 3*s - 10 = 0, 15*y - 5 = 19*y + 5*s. What is the remainder when 24 is divided by y?
4
Suppose 6*g + 160 = g. Let s be 438/(-34) - g/(-272). Let a = s + 17. Calculate the remainder when 6 is divided by a.
2
Let l = 38 - 35. Suppose 0 = -15*p + 12*p + l. Calculate the remainder when 3 is divided by p.
0
Suppose -d + 19 + 29 = 0. Let n(w) = -24*w - 76. What